e hundreds digit of -4*(-1 - -87)*(-60)/24?
8
Let k(z) = -9*z**3 + z**2 + z - 2. Let f be k(1). Let n(c) = c**3 + 9*c**2 - 5*c + 6. What is the tens digit of n(f)?
5
Let m(z) = -9*z + 473. What is the units digit of m(0)?
3
Suppose -36 = 3*q - b - 13, -q - b = 13. Let j(h) be the third derivative of h**6/120 + 2*h**5/15 - 3*h**4/8 + h**3/3 - 3*h**2. What is the units digit of j(q)?
2
Let j(i) = i**2 - 15*i - 30. Let v(z) = 10*z - 3. Let f be v(2). Let d be j(f). What is the tens digit of (-2230)/(-40) - (-1)/d?
5
What is the hundreds digit of (11/(-2))/((-2)/324)?
8
Let z = 14 - 13. Let x be 16/(2 + 2) - z. Suppose 40 + 139 = 4*t - x*i, 3*i + 3 = 0. What is the tens digit of t?
4
Suppose -4*y - 3*n = 107, 2*n - 93 = 3*y - 0*n. Let d = 31 + y. What is the units digit of d?
2
Suppose -4*v + 16061 = 5*x, 0*x = -v + 3*x + 4011. What is the tens digit of v?
1
Suppose -15*h - 2*h + 2941 = 0. What is the tens digit of h?
7
Let l(o) = -o**3 - 6*o**2 - 6*o - 5. Let i(n) = 4*n**2 - n - 1. Let j be i(-1). Suppose -d = 10 - j. What is the units digit of l(d)?
1
Let n(g) be the third derivative of g**6/120 + g**5/60 - g**4/12 + 137*g**3/3 - 18*g**2. What is the tens digit of n(0)?
7
Let q be 2 - (-72)/(16/4). Let v = q + -8. What is the units digit of v/66 - 53/(-11)?
5
Suppose -24*l + 86097 = 6249. What is the hundreds digit of l?
3
Let x = -3569 - -5312. What is the hundreds digit of x?
7
Let w(i) = -i**3 + 6*i**2 + 3*i - 2. Let q be w(4). Suppose -4*d = 6 - q. Suppose d = 3*a - 72. What is the units digit of a?
7
Let o(n) = -n**2 + 11*n - 10. Let m(d) = -d**3 + 5*d**2 + 10*d - 15. Let s be m(6). Let l be o(s). Suppose j - l = 6. What is the tens digit of j?
1
Suppose 6 + 5 = 5*f + 2*u, 0 = 4*u + 8. Suppose -f*q - q = 12. Let g = q - -37. What is the tens digit of g?
3
Suppose 3*f + f = 12. Suppose -f*s - 120 = s. Let r = s + 54. What is the units digit of r?
4
Let k(i) = -i**2 - i + 1. Let f(y) = -3*y**2 - 10*y + 2. Let a(r) = -r + 9. Let h be a(5). Let c(w) = h*k(w) - f(w). What is the units digit of c(4)?
0
Suppose 2*j - 10*j - 3128 = 0. What is the units digit of (-3 + 0 - j)/2?
4
Let u(s) = s + 69. What is the tens digit of u(0)?
6
Let g(s) = s**2 - 4*s + 2. Let a be g(0). Suppose -5*j + 2*r = -55, -2*r + 62 = a*j + 2*j. What is the units digit of j?
3
Let l = -27 + 29. Suppose 3*x - 2*b = -l*x + 16, -4*x = -3*b - 17. What is the units digit of (x + -5)*(0 + -1)?
3
Let r be (-105)/(-6) - (-1)/2. Let f be ((-3 - -3) + 1)*12. Suppose r = l - f. What is the units digit of l?
0
Let v be (-1)/(-4) - 604/(-16). Suppose 2*n - 6 = v. What is the tens digit of n?
2
Let a(k) = -287*k**3 + 3*k**2 + k + 1. What is the tens digit of a(-1)?
9
Suppose -3*l + 12 = 0, l - 5*l + 22 = 3*d. Suppose 0 = -8*v + 9*v + d. What is the tens digit of (v/3)/((-10)/630)?
4
Let h = 86 + -115. What is the tens digit of (h - 8)/(1 + (-3)/2)?
7
Suppose -53*l + 25*l = -72240. What is the units digit of l?
0
Let j = 43 + -34. Let k(z) = z**3 - 8*z**2 - 8*z - 7. Let p be k(j). Suppose p*r + t - 74 = -3*r, -t = -2*r + 31. What is the tens digit of r?
1
Let c = 799 - 240. What is the tens digit of c?
5
What is the tens digit of ((685/4)/(-5))/((-9)/36)?
3
Let x(j) be the first derivative of j**4/4 - 4*j**3/3 + 3. Let d be x(4). Suppose -g + 35 = -d*g. What is the units digit of g?
5
Let p(u) = u**3 - 4*u**2 - 5*u + 2. Let c be p(5). Suppose -g + 40 = 3*x + g, -c*g - 44 = -3*x. What is the tens digit of x?
1
Let z(b) = -b + 4. Let q be z(-5). Suppose 4*m = -1 + q. Suppose m = 5*s - 43. What is the units digit of s?
9
What is the units digit of 67848/60*5 - (1 + -3)?
6
Let v be (-63)/(-12) + (-1)/4. Suppose -5*y + 3*q + 2*q = -615, 5*y + v*q = 665. What is the tens digit of y?
2
Let b(n) = 5*n**3 + 18*n**2 - 13*n + 22. Let y(c) = -14*c**3 - 53*c**2 + 38*c - 66. Let r(p) = 17*b(p) + 6*y(p). What is the tens digit of r(12)?
6
Let g = -718 + 2205. What is the thousands digit of g?
1
Let l(z) = 4 - 2*z**3 + 7*z**2 + z**3 + 2*z**3 - 8 + 6*z. What is the units digit of l(-5)?
6
What is the tens digit of -4 + -1 - (-567 - (-10 + -1))?
5
Let v = -19 + 5. What is the units digit of (-984)/v + (-14)/49?
0
Let u(v) = 6*v**2 - 2*v - 2 + 7*v**3 + 3*v - 6*v**3. What is the tens digit of u(-2)?
1
Suppose -454 = -w + 1335. What is the tens digit of w?
8
Let i(m) = m**3 - 3*m**2 - 6*m + 9. Let s be i(4). Suppose -5*n + 246 = s. What is the tens digit of n?
4
Suppose -2*o + 3*z - 12 + 0 = 0, 5*z = 3*o + 19. Let i be -4*(-3)/12 - o. Suppose -217 = -i*c - 6*g + g, 5*c - 260 = -4*g. What is the units digit of c?
8
Suppose -12 = -5*p + 3. Let d be (-1)/(p/18) - -4. Let v(y) = -19*y - 1. What is the tens digit of v(d)?
3
What is the hundreds digit of (-5 + 1023 + -4)*2/3?
6
Let b(r) = -2*r**3 - 64*r**2 - 34*r + 32. What is the units digit of b(-33)?
2
Let f = -3 + 111. Suppose 2*x - 37 = -p, 8*x - f = -3*p + 3*x. What is the units digit of p?
1
Suppose 0 = -4*j - v + 24, 6 - 18 = 3*v. Let l(h) be the second derivative of h**4/12 - 5*h**3/6 + 4*h**2 - 10*h. What is the tens digit of l(j)?
2
Let q(d) = d**3 + 3*d**2 + 4*d + 1. Let p be q(-3). Let m be ((-5)/(-5))/((-1)/p). What is the units digit of m + 0 + (-16)/4?
7
Let c(m) = -m**3 + 4*m**2 - 6*m + 3. Let h be c(5). Let l = 13 - 38. Let w = l - h. What is the units digit of w?
7
Let a = -10 - -10. Let u = 14 - a. What is the tens digit of 10/(-35) - (-158)/u?
1
Let h(f) be the second derivative of 5/6*f**3 + 0 + 3/20*f**5 + 11*f - 1/2*f**2 - 1/3*f**4. What is the units digit of h(2)?
7
Suppose -10*g - 42 = -13*g. Suppose -5*s - 6 - g = 0. What is the tens digit of (s/(-10))/((-1)/(-60))?
2
Let p(m) = m**3 + 2*m**2 - 3*m - 3. Let k = -9 + 7. Let g be p(k). Suppose -5*z + 152 = -5*n - g, 3*z + 4*n - 65 = 0. What is the units digit of z?
7
Let y(p) = -53*p**3 + p**2 + p + 1. Let f be y(-1). Let l(i) = 3*i**2 - 11*i - 12. Let v be l(10). What is the units digit of v/9 - (-12)/f?
0
Let h = 164 - 93. Let s = -46 + h. Let b = 42 - s. What is the units digit of b?
7
Suppose -6*n + 30 = -n. What is the units digit of (-50)/(-1)*n/4?
5
Suppose 3*g - 14*j - 8534 = -19*j, -5*j = 4*g - 11377. What is the thousands digit of g?
2
Let w(j) = 57*j**2 - 2*j - 1. What is the units digit of w(-3)?
8
What is the tens digit of (-25)/((-4)/(-2 - -78))?
7
Suppose 0 = -s + 5*w - 3*w - 225, -4*s - 900 = 3*w. Let c = -27 - s. What is the units digit of c?
8
Let m be (-4 - -2)*15/(-10). Suppose -4*b + m*b = 3. What is the units digit of ((-18)/15)/(b/45)?
8
Let l(w) = 36*w**3 - w**2 + 2*w - 2. Suppose 0 = 16*g - 11*g - 5. What is the tens digit of l(g)?
3
Let t be (1 + (-15)/(-6))*2. Let a(o) = 4*o + 5. Let p be a(t). What is the units digit of 6/((-3)/(p/(-2)))?
3
Let c(j) = -549*j - 356. What is the thousands digit of c(-6)?
2
What is the units digit of (-1630)/(-45)*(-72)/(-16)?
3
What is the tens digit of (-1 + (-2)/(-4))/((-26)/988)?
1
Let p = 855 - 554. What is the tens digit of p?
0
Let w(v) = v**3 + 9*v**2 - 10*v + 42. What is the hundreds digit of w(-8)?
1
Let r(t) = t**2 + 3*t - 5. Let o be r(0). What is the units digit of (1 + o)/((-7)/14)?
8
Let i = 61 - 38. What is the units digit of i?
3
Suppose 14*g - 2*g = 13500. What is the hundreds digit of g?
1
Suppose 3*r = -11*r + 24276. What is the thousands digit of r?
1
What is the tens digit of (5 - 3) + 1169 - 5?
6
Let b = 133 + -126. Suppose -b*v = -v - 324. What is the tens digit of v?
5
What is the thousands digit of 106*11 - (-8)/(-8)?
1
Suppose 28*d - 44*d = -912. What is the tens digit of d?
5
Suppose -3*i = -7*i. Suppose 3*y - 74 = 2*s - 4*s, -s + 4*y + 37 = i. What is the tens digit of s?
3
Suppose -2*c = -0*n - 2*n + 10, -35 = 2*c + 3*n. What is the units digit of (-4092)/(-15) - 2/c?
3
Suppose -x - 2*z = -2*x + 12, 3*x + 5*z = -8. Suppose 10 = 3*i + x. Suppose 34 = 3*b + 5*s, i*b + 5*s = 2*s + 22. What is the units digit of b?
8
Let x(j) = -13*j**3 + 6*j**2 - 4*j. What is the tens digit of x(-3)?
1
Let s be (-12)/(-3)*(-7)/2. Let m be s - (2 + -1) - 2. Let x = 45 + m. What is the tens digit of x?
2
Let k(f) be the third derivative of -13*f**4/6 + 2*f**3/3 + 8*f**2. What is the hundreds digit of k(-2)?
1
Let k = 58 + -55. Let s(x) = 20*x - 10. What is the tens digit of s(k)?
5
Let p(n) = n**2 - 15*n + 3. Let w be p